{"id":2,"date":"2018-03-12T21:51:09","date_gmt":"2018-03-12T20:51:09","guid":{"rendered":"http:\/\/localhosthttps:\/\/www.happy-culture.com?page_id=2"},"modified":"2019-03-27T22:37:26","modified_gmt":"2019-03-27T21:37:26","slug":"page-d-exemple","status":"publish","type":"page","link":"https:\/\/www.happy-culture.com\/","title":{"rendered":"Accueil"},"content":{"rendered":"<style type='text\/css' media='all'>#rt-tpg-container-1 .rt-holder .rt-woo-info .price{color:#0367bf;}body .rt-tpg-container .rt-tpg-isotope-buttons .selected,\r\n\t\t\t\t\t#rt-tpg-container-1 .layout12 .rt-holder:hover .rt-detail,\r\n\t\t\t\t\t#rt-tpg-container-1 .isotope8 .rt-holder:hover .rt-detail,\r\n\t\t\t\t\t#rt-tpg-container-1 .carousel8 .rt-holder:hover .rt-detail,\r\n\t\t\t\t\t#rt-tpg-container-1 .layout13 .rt-holder .overlay .post-info,\r\n\t\t\t\t\t#rt-tpg-container-1 .isotope9 .rt-holder .overlay .post-info,\r\n\t\t\t\t\t#rt-tpg-container-1.rt-tpg-container .layout4 .rt-holder .rt-detail,\r\n\t\t\t\t\t.rt-modal-1 .md-content,\r\n\t\t\t\t\t.rt-modal-1 .md-content > .rt-md-content-holder .rt-md-content,\r\n\t\t\t\t\t.rt-popup-wrap-1.rt-popup-wrap .rt-popup-navigation-wrap,\r\n\t\t\t\t\t#rt-tpg-container-1 .carousel9 .rt-holder .overlay .post-info{background-color:#0367bf;}#rt-tpg-container-1 .layout5 .rt-holder .overlay, #rt-tpg-container-1 .isotope2 .rt-holder .overlay, #rt-tpg-container-1 .carousel2 .rt-holder .overlay,#rt-tpg-container-1 .layout15 .rt-holder h3, #rt-tpg-container-1 .isotope11 .rt-holder h3, #rt-tpg-container-1 .carousel11 .rt-holder h3, #rt-tpg-container-1 .layout16 .rt-holder h3,\r\n\t\t\t\t\t#rt-tpg-container-1 .isotope12 .rt-holder h3, #rt-tpg-container-1 .carousel12 .rt-holder h3 {background-color:rgba(3,103,191,0.8);}#rt-tpg-container-1 .read-more a{border-radius:px;}#rt-tpg-container-1 .rt-img-holder img.rt-img-responsive,#rt-tpg-container-1 .rt-img-holder,\r\n\t\t\t\t\t#rt-tpg-container-1 .rt-post-overlay .post-img,\r\n\t\t\t\t\t#rt-tpg-container-1 .post-sm .post-img,\r\n\t\t\t\t\t#rt-tpg-container-1 .rt-post-grid .post-img,\r\n\t\t\t\t\t#rt-tpg-container-1 .post-img img {border-radius:px;}#rt-tpg-container-1 .layout2 .rt-holder h2.entry-title,\r\n\t\t\t\t\t#rt-tpg-container-1 .layout2 .rt-holder h3.entry-title,\r\n\t\t\t\t\t#rt-tpg-container-1 .layout2 .rt-holder h4.entry-title,\r\n\t\t\t\t\t#rt-tpg-container-1 .layout2 .rt-holder h2.entry-title a,\r\n\t\t\t\t\t#rt-tpg-container-1 .layout2 .rt-holder h3.entry-title a,\r\n\t\t\t\t\t#rt-tpg-container-1 .layout2 .rt-holder h4.entry-title a,\r\n\t\t\t\t\t#rt-tpg-container-1 .rt-holder .rt-woo-info h2 a,\r\n\t\t\t\t\t#rt-tpg-container-1 .rt-holder .rt-woo-info h3 a,\r\n\t\t\t\t\t#rt-tpg-container-1 .rt-holder .rt-woo-info h4 a,\r\n\t\t\t\t\t#rt-tpg-container-1 .post-content .post-title,\r\n\t\t\t\t\t#rt-tpg-container-1 .rt-post-grid .post-title,\r\n\t\t\t\t\t#rt-tpg-container-1 .rt-post-grid .post-title a,\r\n\t\t\t\t\t#rt-tpg-container-1 .post-content .post-title a,\r\n\t\t\t\t\t#rt-tpg-container-1 .rt-holder .rt-woo-info h2,\r\n\t\t\t\t\t#rt-tpg-container-1 .rt-holder .rt-woo-info h3,\r\n\t\t\t\t\t#rt-tpg-container-1 .rt-holder .rt-woo-info h4{text-align:center;}#rt-tpg-container-1 .layout2 .rt-holder .tpg-excerpt,#rt-tpg-container-1 .layout2 .tpg-excerpt,#rt-tpg-container-1 .layout2 .rt-holder .post-content,#rt-tpg-container-1 .rt-holder .rt-woo-info p,#rt-tpg-container-1 .post-content p {color:#000000;font-size:17px;}<\/style><div class='rt-container-fluid rt-tpg-container tpg-shortcode-main-wrapper ' id='rt-tpg-container-1'   data-layout='layout2' data-grid-style='even' data-desktop-col='1'  data-tab-col='2'  data-mobile-col='1' data-sc-id='621'><div data-title='Loading ...' class='rt-row rt-content-loader   layout2 tpg-even '><div class=\"rt-col-md-12 rt-col-sm-6 rt-col-xs-12 even-grid-item rt-grid-item\" data-id=\"2292\"><div class=\"rt-holder\"><div class=\"rt-row\"><div class='rt-col-xs-12'><div class='rt-detail'><h2 class=\"entry-title\"><a data-id=\"2292\" class=\"\" href=\"https:\/\/www.happy-culture.com\/index.php\/2026\/03\/23\/happy-culture-accueille-remember-par-la-cie-tempo-dla-balle\/\">Happy culture accueille \u00ab\u00a0Remember\u00a0\u00bb par la Cie Tempo d\u2019la Balle<\/a><\/h2><div class='tpg-excerpt'><div class=\"wp-block-image\">\n<figure class=\"aligncenter size-full is-resized\"><img loading=\"lazy\" src=\"https:\/\/www.happy-culture.com\/wp-content\/uploads\/2026\/03\/Cie_Tempodlaball4.png\" alt=\"\" class=\"wp-image-2296\" width=\"261\" height=\"370\" \/><\/figure><\/div>\n\n\n<p><\/p>\n\n\n\n<p class=\"has-medium-font-size\"><strong>Samedi 28 mars \u00e0 18h, halle place de la mairie.<\/strong><\/p>\n\n\n\n<p class=\"has-medium-font-size\"><strong>En raison du risque de pluie le spectacle est maintenu \u00e0 l\u2019abris sous la halle place de la mairie de Verdun sur Garonne<\/strong><\/p>\n\n\n<div class=\"wp-block-image\">\n<figure class=\"aligncenter size-large is-resized\"><img loading=\"lazy\" src=\"https:\/\/www.happy-culture.com\/wp-content\/uploads\/2020\/10\/PngItem_2652205-1024x644.png\" alt=\"\" class=\"wp-image-1218\" width=\"72\" height=\"45\" \/><\/figure><\/div>\n\n\n<p class=\"has-medium-font-size\"><strong>Le reste de la soir\u00e9e se d\u00e9roulera \u00e0 la salle des f\u00eates<\/strong>.<\/p>\n\n\n\n<p>Acc\u00e8s gratuit<\/p>\n\n\n\n<p>Tout public<\/p>\n\n\n\n<p>Dur\u00e9e : 60min<\/p>\n\n\n\n<p>Concert Jongl\u00e9<br>Un musicien, un jongleur\u2026 deux allum\u00e9s du son, de la zique, du show, et de la jongle! Les menottes v\u00e9loces et les savates agiles, ils partent en transe au son des balles tambours et de la mini guitare chant\u00e9e.<br>De la bonne humeur g\u00e9om\u00e9triquement organis\u00e9e pour faire p\u00e9ter les watts!<\/p>\n\n\n<div class=\"wp-block-image\">\n<figure class=\"aligncenter size-large is-resized\"><img loading=\"lazy\" src=\"https:\/\/www.happy-culture.com\/wp-content\/uploads\/2026\/03\/Cie_Tempodlaball-1024x682.png\" alt=\"\" class=\"wp-image-2297\" width=\"570\" height=\"380\" \/><\/figure><\/div>\n\n\n<p><\/p>\n\n\n\n<p>Ce spectacle s&rsquo;invite dans le programme inter-associatif orchestr\u00e9 par l&rsquo;association des parents d&rsquo;\u00e9l\u00e8ves qui commencera d\u00e8s 14h et nous emm\u00e8nera jusqu&rsquo;\u00e0 22h. Restauration et buvette comprises !<\/p>\n\n\n\n<p><\/p>\n\n\n\n<figure class=\"wp-block-image size-large\"><img loading=\"lazy\" width=\"1024\" height=\"723\" src=\"https:\/\/www.happy-culture.com\/wp-content\/uploads\/2026\/03\/IoGG9kVqgqpb-1024x723.jpg\" alt=\"\" class=\"wp-image-2298\" \/><\/figure>\n\n\n\n<figure class=\"wp-block-image size-large\"><img loading=\"lazy\" width=\"1024\" height=\"108\" src=\"https:\/\/www.happy-culture.com\/wp-content\/uploads\/2025\/06\/ioQ3msE-3Nzr-1024x108.png\" alt=\"\" class=\"wp-image-2239\" \/><\/figure>\n<\/div><\/div><\/div><\/div><\/div><\/div><div class=\"rt-col-md-12 rt-col-sm-6 rt-col-xs-12 even-grid-item rt-grid-item\" data-id=\"2273\"><div class=\"rt-holder\"><div class=\"rt-row\"><div class='rt-col-xs-12'><div class='rt-detail'><h2 class=\"entry-title\"><a data-id=\"2273\" class=\"\" href=\"https:\/\/www.happy-culture.com\/index.php\/2025\/10\/06\/troisieme-spectacle-de-cette-rentree-nous-avons-le-plaisir-daccueillir-les-ailes-de-la-compagnie-la-hurlante\/\">Troisi\u00e8me spectacle de cette rentr\u00e9e, nous avons le plaisir d&rsquo;accueillir\u00a0Les Ailes, de la Compagnie La Hurlante<\/a><\/h2><div class='tpg-excerpt'>\n<p><\/p>\n\n\n\n<p><\/p>\n\n\n\n<p><\/p>\n\n\n\n<p><strong>Verdun-sur-Garonne (82<\/strong>)<\/p>\n\n\n\n<p><strong>Dimanche 19 octobre \u00e0 15h00<\/strong><\/p>\n\n\n\n<p>RDV \u00e0 l\u2019intersection de la rue de la Bastide et de la rue de la tour d\u2019hostes. <\/p>\n\n\n<div class=\"wp-block-image\">\n<figure class=\"aligncenter size-large is-resized\"><a href=\"https:\/\/maps.app.goo.gl\/7jfpknSZQuXbArpF7\" target=\"_blank\" rel=\"noreferrer noopener\"><img loading=\"lazy\" src=\"https:\/\/www.happy-culture.com\/wp-content\/uploads\/2020\/10\/PngItem_2652205-1024x644.png\" alt=\"\" class=\"wp-image-1218\" width=\"64\" height=\"40\" \/><\/a><\/figure><\/div>\n\n\n<p>A partir de 8 ans &#8211; Acc\u00e8s Gratuit, participation libre.<\/p>\n\n\n\n<p>Dur\u00e9e : 70 minutes&nbsp; &#8211; En d\u00e9ambulation<\/p>\n\n\n<div class=\"wp-block-image\">\n<figure class=\"aligncenter size-full\"><img loading=\"lazy\" width=\"705\" height=\"501\" src=\"https:\/\/www.happy-culture.com\/wp-content\/uploads\/2025\/10\/CieLaHurlante.jpg\" alt=\"\" class=\"wp-image-2274\" \/><\/figure><\/div>\n\n\n<p class=\"has-text-align-center\"><strong>Th\u00e9\u00e2tre et fiction sonore pour une rue<\/strong><\/p>\n\n\n\n<p>Les Ailes racontent le parcours de sept femmes qui habitent ou travaillent dans la m\u00eame rue. Elles ont chacune leur questionnement, leur humour, leurs grandes id\u00e9es et leurs peurs. Elles posent un regard sur leur vie dans ce quartier et se racontent au gr\u00e9 de leurs allers-retours entre chez elles, le pas de la porte, le balcon et le trottoir. Elles ont en commun leur quartier mais aussi un \u00e9v\u00e9nement qui bouscule leur quotidien. Une voisine, Marl\u00e8ne, a d\u00e9cid\u00e9 de disparaitre volontairement. Volatilis\u00e9e. Cette exp\u00e9rience les questionne profond\u00e9ment. Elles vivront chacune \u00e0 leur fa\u00e7on une prise de conscience. Un basculement. Elles doivent r\u00e9agir.<\/p>\n\n\n\n<p>L\u2019autrice et metteuse en sc\u00e8ne Caroline Cano se pla\u00eet \u00e0 cr\u00e9er des exp\u00e9riences insolites et po\u00e9tiques au c\u0153ur de la ville. Entre th\u00e9\u00e2tre et fiction sonore, cette cr\u00e9ation donne voix \u00e0 ces petites humanit\u00e9s qui se racontent, \u00e0 la fois justes et simples, celles que l\u2019on entend trop peu. Un petit bijou&nbsp;!<\/p>\n\n\n\n<p><\/p>\n\n\n\n<p><em>BONUS ! Un dimanche&#8230; deux spectacles&#8230; Nous vous encourageons vivement &nbsp;\u00e0 finir l&rsquo;apr\u00e8s-midi \u00e0 la salle de spectacle de Labastide-st-Pierre, chez nos ami.es de la N\u00e9grette qui programment \u00e0 17h30 l&rsquo;excellent <\/em><a rel=\"noreferrer noopener\" href=\"https:\/\/chdmp.r.a.d.sendibm1.com\/mk\/cl\/f\/sh\/6rqJfgq8dINmOPmDZbQTG34TFEV\/zAQNDUqFdqSI\" target=\"_blank\"><em>\u00ab\u00a0Western\u00a0\u00bb de la Cie Bruital <\/em><\/a><em>(5\u20ac\/8\u20ac).<\/em><\/p>\n\n\n<div class=\"wp-block-image\">\n<figure class=\"aligncenter size-full is-resized\"><img loading=\"lazy\" src=\"https:\/\/www.happy-culture.com\/wp-content\/uploads\/2025\/09\/sponsor_CieChoari.png\" alt=\"\" class=\"wp-image-2248\" width=\"670\" height=\"70\" \/><\/figure><\/div><\/div><\/div><\/div><\/div><\/div><\/div><div class=\"rt-col-md-12 rt-col-sm-6 rt-col-xs-12 even-grid-item rt-grid-item\" data-id=\"2256\"><div class=\"rt-holder\"><div class=\"rt-row\"><div class='rt-col-xs-12'><div class='rt-detail'><h2 class=\"entry-title\"><a data-id=\"2256\" class=\"\" href=\"https:\/\/www.happy-culture.com\/index.php\/2025\/09\/10\/gagarine-is-not-deadpar-les-cies-en-corps-en-lair-et-les-sangles\/\">Happy culture pr\u00e9sente Gagarine is not dead par les Cies En corps en l\u2019air et Les sangl\u00e9s<\/a><\/h2><div class='tpg-excerpt'>\n<p>Oui, c&rsquo;est un mardi soir&#8230; mais faites-nous confiance, \u00e7a vaut le d\u00e9tour !<br>On avait tr\u00e8s envie de vous pr\u00e9senter Gagarine is not dead et \u00e7a tombe bien&#8230; ils sont de passage ce week-end, dans le programme de l&rsquo;excellent festival de Ramonville ! Nous allons \u00e9conomiser du CO2, des frais de d\u00e9placements et de la fatigue pour les com\u00e9diens !<br><\/p>\n\n\n\n<div class=\"wp-block-group is-layout-constrained\"><div class=\"wp-block-group__inner-container\">\n<p><strong>RDV Mardi 16 septembre \u00e0 18h30 au Boulodrome de Verdun\/G (82).<\/strong><\/p>\n\n\n\n<p>Spectacle tout public<\/p>\n\n\n\n<p>Dur\u00e9e: 65 minutes.<\/p>\n\n\n\n<p>Acc\u00e8s Gratuit, participation libre.<\/p>\n\n\n\n<div class=\"wp-block-group is-layout-constrained\"><div class=\"wp-block-group__inner-container\"><\/div><\/div>\n<\/div><\/div>\n\n\n<div class=\"wp-block-image\">\n<figure class=\"aligncenter size-large is-resized\"><img loading=\"lazy\" src=\"https:\/\/www.happy-culture.com\/wp-content\/uploads\/2025\/09\/gagarine2-768x1024.jpg\" alt=\"\" class=\"wp-image-2263\" width=\"576\" height=\"768\" \/><\/figure><\/div>\n\n\n<p><\/p>\n\n\n\n<p>Acrobaties a\u00e9riennes et th\u00e9\u00e2tre de rue antigravitationnel.<\/p>\n\n\n\n<p>Sur le pas de tir, quatre cosmonautes peu communs s&rsquo;appr\u00eatent \u00e0 \u00e9crire une nouvelle page de la conqu\u00eate spatiale.<br>L&rsquo;\u00e9motion est palpable. En hommage \u00e0 celui qui les a tant inspir\u00e9s, ils vont le faire ! Un dernier au-revoir pour un premier vol amateur. Destination, les \u00e9toiles\u2026<br>Les plan\u00e8tes sont align\u00e9es, les trajectoires valid\u00e9es, pourvu que les soudures tiennent !<br>Machinerie tournoyante, port\u00e9s acrobatiques et a\u00e9riens livrent une \u00e9pop\u00e9e vertigineuse o\u00f9 se d\u00e9voilent bon nombre de folies humaines\u2026<\/p>\n<\/div><\/div><\/div><\/div><\/div><\/div><div class=\"rt-col-md-12 rt-col-sm-6 rt-col-xs-12 even-grid-item rt-grid-item\" data-id=\"2246\"><div class=\"rt-holder\"><div class=\"rt-row\"><div class='rt-col-xs-12'><div class='rt-detail'><h2 class=\"entry-title\"><a data-id=\"2246\" class=\"\" href=\"https:\/\/www.happy-culture.com\/index.php\/2025\/09\/01\/happy-clture-presente-tsef-zone-par-la-cie-choari\/\">Happy Clture pr\u00e9sente Tsef Zon(e) par la Cie C\u2019hoari<\/a><\/h2><div class='tpg-excerpt'>\n<p>Voil\u00e0 un spectacle qui met de bonne humeur. Sans doute parce qu&rsquo;il puise son inspiration dans l&rsquo;ambiance festive et populaire des fest-noz bretons.<\/p>\n\n\n\n<p>Happy culture accueille <strong>Tsef Zon(e), <\/strong>par la Cie C\u2019hoari<\/p>\n\n\n\n<p><strong>Dimanche&nbsp; 7 septembre&nbsp; \u00e0 17h30 \u2013&nbsp; sous la halle du Mas-Grenier (82<\/strong>),&nbsp;<\/p>\n\n\n\n<p>Tout public &nbsp;<\/p>\n\n\n\n<p>Acc\u00e8s Gratuit, participation libre.<\/p>\n\n\n\n<p>Dur\u00e9e : 40 minutes<\/p>\n\n\n<div class=\"wp-block-image\">\n<figure class=\"aligncenter size-full\"><img loading=\"lazy\" width=\"727\" height=\"273\" src=\"https:\/\/www.happy-culture.com\/wp-content\/uploads\/2025\/09\/Cie-Choari.jpg\" alt=\"\" class=\"wp-image-2247\" \/><\/figure><\/div>\n\n\n<p><strong>Tsef Zon(e), c\u2019est le verlan breton de fest-noz. Vous l\u2019aviez ?<\/strong><\/p>\n\n\n\n<p><strong>Un vent breton se l\u00e8ve sur le Mas-Grenier. Sentez-vous ses effluves iod\u00e9s ? Ce duo de danseuses puise son inspiration et enracine sa danse dans les codes traditionnels des f\u00eates bretonnes qu\u2019elles revisitent.<\/strong><\/p>\n\n\n\n<p>Elles sont en place. Dans un geste r\u00e9gulier et r\u00e9p\u00e9t\u00e9, elles se balancent et entrent dans la transe. D\u2019abord accompagn\u00e9es de musique baroque, \u00e0 petits pas, un m\u00eame souffle les emporte dans le mouvement.<\/p>\n\n\n\n<p>De rondes en spirales, elles sont ensemble et \u00e0 c\u00f4t\u00e9. Elles dialoguent, s\u2019amusent, partagent, s\u2019emm\u00ealent et se d\u00e9m\u00ealent dans un \u00e9lan m\u00e9ticuleusement chor\u00e9graphi\u00e9.<\/p>\n\n\n\n<p>\u00c0 bras-le-corps dans\u00e9, elles se saisissent d\u2019un h\u00e9ritage commun, faisant battre une \u00e9nergie communicative dans une ambiance de partage, festive et populaire !<\/p>\n\n\n\n<p><strong>Spectacle accueilli dans le cadre du r\u00e9seau En rue libre<\/strong><\/p>\n\n\n<div class=\"wp-block-image\">\n<figure class=\"aligncenter size-large is-resized\"><img loading=\"lazy\" src=\"https:\/\/www.happy-culture.com\/wp-content\/uploads\/2025\/09\/sponsor_CieChoari-1024x108.png\" alt=\"\" class=\"wp-image-2248\" width=\"609\" height=\"64\" \/><\/figure><\/div><\/div><\/div><\/div><\/div><\/div><\/div><\/div><\/div>\n","protected":false},"excerpt":{"rendered":"","protected":false},"author":1,"featured_media":0,"parent":0,"menu_order":0,"comment_status":"closed","ping_status":"open","template":"page-templates\/page_fullwidth.php","meta":{"_themeisle_gutenberg_block_has_review":false},"rttpg_featured_image_url":null,"rttpg_author":{"display_name":"adminhc","author_link":"https:\/\/www.happy-culture.com\/index.php\/author\/adminhc\/"},"rttpg_comment":0,"rttpg_category":"","rttpg_excerpt":null,"_links":{"self":[{"href":"https:\/\/www.happy-culture.com\/index.php\/wp-json\/wp\/v2\/pages\/2"}],"collection":[{"href":"https:\/\/www.happy-culture.com\/index.php\/wp-json\/wp\/v2\/pages"}],"about":[{"href":"https:\/\/www.happy-culture.com\/index.php\/wp-json\/wp\/v2\/types\/page"}],"author":[{"embeddable":true,"href":"https:\/\/www.happy-culture.com\/index.php\/wp-json\/wp\/v2\/users\/1"}],"replies":[{"embeddable":true,"href":"https:\/\/www.happy-culture.com\/index.php\/wp-json\/wp\/v2\/comments?post=2"}],"version-history":[{"count":3,"href":"https:\/\/www.happy-culture.com\/index.php\/wp-json\/wp\/v2\/pages\/2\/revisions"}],"predecessor-version":[{"id":624,"href":"https:\/\/www.happy-culture.com\/index.php\/wp-json\/wp\/v2\/pages\/2\/revisions\/624"}],"wp:attachment":[{"href":"https:\/\/www.happy-culture.com\/index.php\/wp-json\/wp\/v2\/media?parent=2"}],"curies":[{"name":"wp","href":"https:\/\/api.w.org\/{rel}","templated":true}]}}