{"id":257,"date":"2018-04-26T00:32:12","date_gmt":"2018-04-25T22:32:12","guid":{"rendered":"http:\/\/localhosthttps:\/\/www.happy-culture.com?page_id=257"},"modified":"2024-05-01T21:58:20","modified_gmt":"2024-05-01T19:58:20","slug":"sponsors","status":"publish","type":"page","link":"https:\/\/www.happy-culture.com\/index.php\/sponsors\/","title":{"rendered":"Sponsors"},"content":{"rendered":"\n<div class=\"wp-block-group is-layout-constrained\"><div class=\"wp-block-group__inner-container\">\n<div class=\"wp-block-group is-layout-constrained\"><div class=\"wp-block-group__inner-container\">\n<div class=\"wp-block-group has-background is-layout-constrained\" style=\"background-color:#fefdffb3\"><div class=\"wp-block-group__inner-container\">\n<p class=\"ticss-b8f0135b\"><span class=\"fontstyle0\">Soutenir Happy Culture, c&rsquo;est encourager le temps et l&rsquo;\u00e9nergie des b\u00e9n\u00e9voles qui \u0153uvrent toute l&rsquo;ann\u00e9e pour que quelque chose existe : une F\u00eate d&rsquo;Art d&rsquo;Art accessible \u00e0 tous, un bouquet de spectacles, un bourg grouillant de petits, de grands, de regards p\u00e9tillants&#8230; Un grand merci aux commer\u00e7ants et artisans locaux qui sont convaincus de la n\u00e9cessit\u00e9 d&rsquo;un tel rendez-vous !<br>Merci aussi \u00e0 l&rsquo;ensemble des \u00e9lus et techniciens des collectivit\u00e9s territoriales qui nous soutiennent, \u00e0 l&rsquo;Office de Tourisme, ainsi qu&rsquo;\u00e0 l&rsquo;ensemble des personnes et structures qui permettent \u00e0 la F\u00eate d&rsquo;Art d&rsquo;Art d&rsquo;avoir lieu.<\/span><\/p>\n\n\n\n<h3 class=\"wp-block-heading has-text-align-center ticss-26285520\"><a href=\"https:\/\/www.happy-culture.com\/index.php\/partenaires\/\"> PARTENAIRES,<\/a><a href=\"https:\/\/www.happy-culture.com\/index.php\/soutiens\/\">&nbsp;SOUTIENS<\/a><\/h3>\n<\/div><\/div>\n<\/div><\/div>\n<\/div><\/div>\n","protected":false},"excerpt":{"rendered":"<p>Soutenir Happy Culture, c&rsquo;est encourager le temps et l&rsquo;\u00e9nergie des b\u00e9n\u00e9voles qui \u0153uvrent toute l&rsquo;ann\u00e9e pour que quelque chose existe : une F\u00eate d&rsquo;Art d&rsquo;Art accessible \u00e0 tous, un bouquet de spectacles, un bourg grouillant [&hellip;]<\/p>\n","protected":false},"author":1,"featured_media":0,"parent":0,"menu_order":0,"comment_status":"closed","ping_status":"closed","template":"page-templates\/page_fullwidth.php","meta":{"_themeisle_gutenberg_block_has_review":false},"rttpg_featured_image_url":null,"rttpg_author":{"display_name":"adminhc","author_link":"https:\/\/www.happy-culture.com\/index.php\/author\/adminhc\/"},"rttpg_comment":0,"rttpg_category":null,"rttpg_excerpt":"Soutenir Happy Culture, c&rsquo;est encourager le temps et l&rsquo;\u00e9nergie des b\u00e9n\u00e9voles qui \u0153uvrent toute l&rsquo;ann\u00e9e pour que quelque chose existe : une F\u00eate d&rsquo;Art d&rsquo;Art accessible \u00e0 tous, un bouquet de spectacles, un bourg grouillant [&hellip;]","_links":{"self":[{"href":"https:\/\/www.happy-culture.com\/index.php\/wp-json\/wp\/v2\/pages\/257"}],"collection":[{"href":"https:\/\/www.happy-culture.com\/index.php\/wp-json\/wp\/v2\/pages"}],"about":[{"href":"https:\/\/www.happy-culture.com\/index.php\/wp-json\/wp\/v2\/types\/page"}],"author":[{"embeddable":true,"href":"https:\/\/www.happy-culture.com\/index.php\/wp-json\/wp\/v2\/users\/1"}],"replies":[{"embeddable":true,"href":"https:\/\/www.happy-culture.com\/index.php\/wp-json\/wp\/v2\/comments?post=257"}],"version-history":[{"count":25,"href":"https:\/\/www.happy-culture.com\/index.php\/wp-json\/wp\/v2\/pages\/257\/revisions"}],"predecessor-version":[{"id":1962,"href":"https:\/\/www.happy-culture.com\/index.php\/wp-json\/wp\/v2\/pages\/257\/revisions\/1962"}],"wp:attachment":[{"href":"https:\/\/www.happy-culture.com\/index.php\/wp-json\/wp\/v2\/media?parent=257"}],"curies":[{"name":"wp","href":"https:\/\/api.w.org\/{rel}","templated":true}]}}